4*x. Suppose -4*d + 2*u + 2*u = -188, 5*u = d - x. What is the units digit of d?
6
Suppose 4*n + 185 = 9*n. Let x = n - 24. What is the units digit of x?
3
Let y(o) = o**3 - 5*o**2 - 6*o + 3. Let g = 22 - 16. What is the units digit of y(g)?
3
Let h(b) = 15*b + 1. What is the tens digit of h(3)?
4
Suppose -732 = 7*d - 9*d. What is the tens digit of d?
6
Suppose 7*k = -z + 2*k - 4, 3*z + k - 2 = 0. Let u(o) = 13*o + 1. Let m be u(-1). Let y = z - m. What is the tens digit of y?
1
Suppose 5*d - y + 2*y + 512 = 0, -530 = 5*d - 5*y. Let o = 154 + d. Suppose 5*t - 24 = o. What is the units digit of t?
5
Let n be 20 - -1 - (-2 + 1). Suppose -3*p - n + 151 = 0. What is the tens digit of p?
4
Let u(z) = 3*z - 2. What is the units digit of u(11)?
1
Suppose -7*a + 820 = -2*a. What is the hundreds digit of a?
1
Let l(b) = -b**3 - 7*b**2 + 4*b. Let w = -11 + 3. What is the units digit of l(w)?
2
Suppose 2*d - d = 0. Let y(j) = 1 - 3*j + 1 + 2*j - j**3 + 0*j. What is the units digit of y(d)?
2
Suppose 0 = 6*v - 4*v - 10. Suppose 0 = a - 4*l - 7 - 1, -l = -v*a + 21. Let c(w) = -w**3 + 3*w**2 + 6*w - 1. What is the units digit of c(a)?
7
Let o(f) = -f. Let d(s) = -2*s**2 + 6*s + 1. Let t(u) = -d(u) - 6*o(u). Let y be t(-2). Let m = y + -4. What is the units digit of m?
3
Suppose 0 = -2*b - 8. What is the tens digit of ((-38)/(-8))/((-1)/b)?
1
Let u(g) = -g**2 - 10*g + 6. What is the tens digit of u(-8)?
2
Suppose q = 3*b - q - 148, -5*b = -q - 242. What is the units digit of b?
8
What is the tens digit of 8/(-36)*1 - 263/(-9)?
2
Suppose 2*q + 6 = 4*d, -3 = -3*q - 4*d + 18. Suppose 0 = -4*r - i - 488, -5*i + 111 + 278 = -q*r. What is the units digit of r/(-12) - (-2)/(-8)?
0
Suppose -3*l + 2*l - 21 = 0. Let y = -2 - l. What is the units digit of y?
9
Suppose 4*p - 28 = 2*t, 5*t = 5*p + 3*t - 33. Suppose -p*y + 157 - 7 = 0. Suppose 2*x + x - y = 0. What is the units digit of x?
0
Let z(u) = u**3 - 10*u**2 + 10*u + 1. Let g be z(8). Let r = -22 - g. What is the units digit of r?
5
Suppose u + 4*u - 25 = 0. Suppose 3*x + 6 = u*x. Suppose 0 = 5*d + x*s - 0*s - 42, 4*s = -4*d + 40. What is the units digit of d?
6
Let k(a) = -a**3 - 18*a**2 + 27*a + 33. What is the hundreds digit of k(-20)?
2
Suppose -u + 3*w = -5*u + 2, -2*w = 2*u. Let s(n) = -u + 3*n - n - 2*n + 3*n. What is the units digit of s(2)?
4
Let v = -65 - -70. Suppose 0 = -0*q - 3*q. Suppose -v*s - 15 = q, -2*s + 2 = -2*z + 28. What is the tens digit of z?
1
Suppose 5*t - 27 = -4*c, -3*t = 5*c + t - 27. Suppose 4*q = -s - 6 + 1, s + c = -3*q. Let x = -2 + s. What is the units digit of x?
1
Let r = -3 + 6. Let j(g) = -r*g**2 + 0 - 7*g - 2 + 4*g**2 + g. What is the units digit of j(8)?
4
Suppose 4*z - 3*k - 2*k - 129 = 0, 0 = 2*k + 2. What is the units digit of z?
1
Suppose -4*r = -4 - 4. Suppose -2*c + 1 + 1 = 4*m, 3*c = r*m - 13. What is the units digit of (-3)/15*m*-20?
8
Let i(g) = 2*g**2 - 6*g + 5. What is the units digit of i(6)?
1
Suppose 4*w = k + 407, -5*w + 217 = -3*w - 5*k. What is the hundreds digit of w?
1
Let m be 2/(-3)*9*2. Let t(u) = u**2 + 10*u - 16. What is the units digit of t(m)?
8
Suppose -2*f + 13 = -5*w + 59, 3*f = 6. What is the units digit of (-3)/(-2) - 5/w?
1
Let d = -13 - -37. Let z be (2/4)/(1/d). Suppose z = -4*h, -2*m = -h - h - 12. What is the units digit of m?
3
Let o be 0/(-3)*(-1 - 0). Suppose 3*z - 30 - 24 = o. What is the tens digit of z?
1
Suppose 10 = -a - v, 15 = -4*a + 3*a + 4*v. Let y = a + 15. Suppose -t - w = -0*t - 6, -y*w + 22 = 3*t. What is the units digit of t?
2
Suppose p = -0*p + 6. Let s be 3/(-2)*(-32)/p. Suppose 4 + s = k. What is the units digit of k?
2
What is the units digit of (-552)/(-39) + 2/(-13)?
4
Let x(z) = -3*z**3 - z**2 + 2*z + 4. What is the units digit of x(-3)?
0
Let b = 63 + -114. Let g be 2/5 - b/(-15). What is the units digit of (g/(6/10))/(-1)?
5
Let l(r) = -r**2 + 10*r + 9. Let x be l(9). Suppose 4*n - 58 = -x. What is the tens digit of n?
1
Let m be (1 - -1) + 3 - 2. Let h(p) = -3 + 13 - 2*p**3 + m*p**3 + p. What is the units digit of h(0)?
0
Let k(n) = -n**2 - 11*n - 7. Let o be k(-10). Suppose y + o*y = 2*b + 36, -4*y = -b - 32. What is the units digit of y?
7
Let i(r) = -r**3 + 5*r**2 + r - 4. Let y(v) = -v**2 - 5*v - 1. Let t be y(-4). Let b be ((-10)/t)/((-6)/9). What is the units digit of i(b)?
1
Let r be (4/6)/((-1)/21). Let y = 30 + r. Suppose x = -x + y. What is the units digit of x?
8
Let s be (-36)/27 + 4/3. Suppose 40 = 2*k - s. What is the tens digit of k?
2
Let r = -7 + 43. What is the tens digit of r?
3
Let m = -5 + 12. Suppose -2*l = -m*l + 90. What is the units digit of l?
8
Let u = 11 + -28. Let x = u - -34. Let n = 27 - x. What is the units digit of n?
0
Let o(z) = 4*z - z + 0 - 3 + 5. What is the units digit of o(3)?
1
Let f(v) = v**3 + 5*v**2 - 4*v + 2. Let m(s) = s**3 - 1. Let t(d) = f(d) - 2*m(d). What is the units digit of t(3)?
0
Let o be -1 + 3 + (5 - 5). What is the units digit of -2*((-5)/o - -1)?
3
Suppose 0*i = 4*i + 5*h + 117, h + 57 = -2*i. What is the tens digit of i/70 + (-202)/(-5)?
4
Suppose -n = -4*t, n - 30 = -4*n + 5*t. What is the units digit of (-4)/n*2 - -22?
1
Let j(m) = 5*m - m**3 + 5 - 2*m**2 + 0*m - 2*m**2. Suppose 5*u - 2*u + 18 = 3*l, l = -3*u - 14. What is the units digit of j(u)?
5
Suppose 0*x = -2*x - 20. Let i be (15/x)/((-3)/4). What is the units digit of ((-20)/16)/(i/(-8))?
5
Let r = 93 + -43. What is the tens digit of (44/5)/(20/r)?
2
Let m(i) be the third derivative of -i**6/120 + i**5/10 + 5*i**4/12 - 3*i**3/2 - i**2. What is the units digit of m(7)?
2
Let j(x) = 3*x**2 + x - 1. Let l be j(1). Suppose -l*w - w = -4. What is the units digit of w?
1
Let w(d) be the third derivative of -1/4*d**4 + 0*d + 0 - 1/60*d**5 + 1/3*d**3 + d**2. What is the tens digit of w(-3)?
1
Let y(m) = -4*m - 5. What is the tens digit of y(-5)?
1
Let r(z) = z**3 + 11*z**2 + 10*z - 3. Let x be r(-10). Let s(i) = -i**3 - i**2 - 5*i - 3. What is the tens digit of s(x)?
3
Let r(a) = -3*a**3 + 3*a + 1. Let m(d) = -7*d**3 + 6*d + 2. Let b(n) = -2*m(n) + 5*r(n). What is the units digit of b(-2)?
3
Suppose 0 = -4*k + 11*k - 707. What is the tens digit of k?
0
Let r(j) = j**3 - 11*j**2 - 11*j - 17. Let c be r(12). Let i(p) = -3*p + 1. What is the units digit of i(c)?
6
Let a = 4 + -3. Let x(m) = 12*m**3. What is the tens digit of x(a)?
1
Let n(j) = j. Let p be n(2). Let u be 2 + -2 + p + 2. Suppose 3 = -u*o + 15. What is the units digit of o?
3
Let c(g) = g**3 + g**2 + 2*g - 2. Suppose -2*x - 11 = 3*t, 0*t = -3*x + 2*t + 16. Let u be c(x). Suppose i + u = 2*i. What is the tens digit of i?
1
Let m be (-5)/(0 + -3 - -2). Let q be m + 1 + 6/(-3). What is the units digit of (q/3)/(4/6)?
2
Suppose 7*h + 7 = z + 3*h, -2*z - h = -32. What is the tens digit of z?
1
Let k(z) = 2*z**2 + 3*z. Let p be k(-2). Suppose p*l + 2*l - 16 = 0. What is the units digit of l?
4
Suppose -3*k + 2*g = -3*g - 4, -3*k + 3*g = -6. Let m be -2 - (-13 + (3 - k)). Let u = 13 - m. What is the units digit of u?
2
What is the tens digit of (-4 + 6/5)*-10?
2
Suppose -2*h - 26 = -74. What is the tens digit of h?
2
Let f(z) = z**3 - 6*z**2 - 5*z + 1. Let s be (-130)/(-18) - (-18)/(-81). What is the tens digit of f(s)?
1
Let t(q) = -q - 3. Let l be t(-5). What is the units digit of (-14)/(0 - 1) + l?
6
Suppose m - 4*r + 8 = 0, 0 = r - 5*r + 12. Suppose -m*t = 2*n - 60, n - 18 = -4*t + 18. What is the tens digit of n?
2
Let o be 8/(-6) + 2/6. What is the units digit of o + 1/(1/10)?
9
Let z = 111 + -44. What is the units digit of z?
7
Let v(c) be the first derivative of c**3/3 + 3*c**2 + 3*c - 1. Let i be v(-6). Suppose -2*n - 5*m + 22 = 7, 5*m = i*n - 10. What is the units digit of n?
5
Let z = 3 - 7. Let r(y) = 3*y**2 + 7*y + 4. Let k be r(z). Suppose t + 0*t - k = 5*f, 0 = t + f. What is the units digit of t?
4
Let s(t) = -t**2 - 6*t + 6. Let y be (-5)/3 + 4/(-12). Let p be y/(-1)*5/(-2). What is the tens digit of s(p)?
1
Suppose 7*m + 59 - 717 = 0. What is the tens digit of m?
9
Let l be 3/(9/24) - 2. Suppose -2*f + l*f = 0. Suppose f = -6*h + 4*h + 4*u + 22, 0 = 5*h - 4*u - 31. What is the units digit of h?
3
Let a be (1 - 2)*(-1 + 3). Let h(m) = 6*m**2 - m. What is the tens digit of h(a)?
2
Suppose -18*l + 316 = -16*l. What is the tens